ctors of 37434.
2, 3, 17, 367
List the prime factors of 426.
2, 3, 71
List the prime factors of 24567.
3, 19, 431
What are the prime factors of 16717?
73, 229
List the prime factors of 23590.
2, 5, 7, 337
List the prime factors of 2025.
3, 5
What are the prime factors of 22719?
3, 7573
What are the prime factors of 6913?
31, 223
What are the prime factors of 53902?
2, 26951
List the prime factors of 14681.
53, 277
List the prime factors of 1076.
2, 269
List the prime factors of 73649.
47, 1567
What are the prime factors of 60685?
5, 53, 229
What are the prime factors of 130423?
130423
List the prime factors of 3244.
2, 811
List the prime factors of 23168.
2, 181
List the prime factors of 2493.
3, 277
List the prime factors of 2572.
2, 643
List the prime factors of 427.
7, 61
What are the prime factors of 13334?
2, 59, 113
What are the prime factors of 65327?
65327
What are the prime factors of 102067?
7, 2083
What are the prime factors of 2076?
2, 3, 173
What are the prime factors of 562?
2, 281
What are the prime factors of 7485?
3, 5, 499
List the prime factors of 271.
271
What are the prime factors of 21612?
2, 3, 1801
List the prime factors of 30763.
30763
What are the prime factors of 7018?
2, 11, 29
List the prime factors of 90756.
2, 3, 2521
What are the prime factors of 2833?
2833
List the prime factors of 39060.
2, 3, 5, 7, 31
List the prime factors of 4061.
31, 131
What are the prime factors of 12993?
3, 61, 71
List the prime factors of 5654.
2, 11, 257
What are the prime factors of 104?
2, 13
List the prime factors of 3856.
2, 241
What are the prime factors of 26061?
3, 7, 17, 73
List the prime factors of 5988.
2, 3, 499
What are the prime factors of 1555?
5, 311
List the prime factors of 19704.
2, 3, 821
What are the prime factors of 563?
563
List the prime factors of 2973.
3, 991
List the prime factors of 15602.
2, 29, 269
List the prime factors of 76192.
2, 2381
What are the prime factors of 6262?
2, 31, 101
What are the prime factors of 7787?
13, 599
List the prime factors of 13964.
2, 3491
List the prime factors of 381.
3, 127
List the prime factors of 20152.
2, 11, 229
List the prime factors of 2141.
2141
List the prime factors of 778.
2, 389
List the prime factors of 58060.
2, 5, 2903
List the prime factors of 2656.
2, 83
What are the prime factors of 30293?
30293
List the prime factors of 56.
2, 7
What are the prime factors of 9406?
2, 4703
List the prime factors of 275.
5, 11
What are the prime factors of 72780?
2, 3, 5, 1213
What are the prime factors of 21046?
2, 17, 619
What are the prime factors of 13?
13
What are the prime factors of 31572?
2, 3, 877
What are the prime factors of 736?
2, 23
What are the prime factors of 58263?
3, 19421
List the prime factors of 4301.
11, 17, 23
List the prime factors of 29811.
3, 19, 523
What are the prime factors of 35882?
2, 7, 11, 233
List the prime factors of 108.
2, 3
What are the prime factors of 86?
2, 43
What are the prime factors of 2241?
3, 83
What are the prime factors of 24059?
7, 491
List the prime factors of 33741.
3, 23, 163
List the prime factors of 4322.
2, 2161
What are the prime factors of 7225?
5, 17
List the prime factors of 503.
503
What are the prime factors of 18672?
2, 3, 389
What are the prime factors of 1352?
2, 13
What are the prime factors of 37098?
2, 3, 229
What are the prime factors of 12740?
2, 5, 7, 13
What are the prime factors of 32394?
2, 3, 5399
List the prime factors of 16561.
16561
List the prime factors of 595.
5, 7, 17
List the prime factors of 12022.
2, 6011
What are the prime factors of 145937?
11, 13267
What are the prime factors of 25732?
2, 7, 919
What are the prime factors of 12544?
2, 7
List the prime factors of 4611.
3, 29, 53
List the prime factors of 488.
2, 61
List the prime factors of 33737.
11, 3067
What are the prime factors of 2720?
2, 5, 17
What are the prime factors of 32073?
3, 10691
What are the prime factors of 18294?
2, 3, 3049
List the prime factors of 1530.
2, 3, 5, 17
List the prime factors of 31366.
2, 15683
What are the prime factors of 64998?
2, 3, 23, 157
What are the prime factors of 1853?
17, 109
List the prime factors of 324.
2, 3
What are the prime factors of 12137?
53, 229
What are the prime factors of 4158?
2, 3, 7, 11
What are the prime factors of 10667?
10667
List the prime factors of 19761.
3, 7, 941
What are the prime factors of 12385?
5, 2477
List the prime factors of 3480.
2, 3, 5, 29
List the prime factors of 758.
2, 379
What are the prime factors of 2521?
2521
List the prime factors of 23089.
11, 2099
What are the prime factors of 1010?
2, 5, 101
List the prime factors of 5175.
3, 5, 23
List the prime factors of 63532.
2, 7, 2269
What are the prime factors of 3337?
47, 71
What are the prime factors of 17330?
2, 5, 1733
What are the prime factors of 17614?
2, 8807
What are the prime factors of 1007?
19, 53
List the prime factors of 23332.
2, 19, 307
List the prime factors of 1623.
3, 541
What are the prime factors of 15144?
2, 3, 631
List the prime factors of 2244.
2, 3, 11, 17
List the prime factors of 1273.
19, 67
What are the prime factors of 30729?
3, 10243
What are the prime factors of 2046?
2, 3, 11, 31
What are the prime factors of 869?
11, 79
List the prime factors of 41528.
2, 29, 179
List the prime factors of 114551.
19, 6029
What are the prime factors of 19021?
23, 827
List the prime factors of 56041.
56041
List the prime factors of 1938.
2, 3, 17, 19
What are the prime factors of 224?
2, 7
What are the prime factors of 95788?
2, 7, 11, 311
What are the prime factors of 2424?
2, 3, 101
List the prime factors of 3173.
19, 167
List the prime factors of 5196.
2, 3, 433
List the prime factors of 2397.
3, 17, 47
List the prime factors of 797.
797
List the prime factors of 699.
3, 233
What are the prime factors of 1725?
3, 5, 23
List the prime factors of 29783.
13, 29, 79
What are the prime factors of 2177?
7, 311
What are the prime factors of 6770?
2, 5, 677
List the prime factors of 3518.
2, 1759
List the prime factors of 2588.
2, 647
What are the prime factors of 1537?
29, 53
List the prime factors of 6125.
5, 7
List the prime factors of 39992.
2, 4999
What are the prime factors of 591?
3, 197
List the prime factors of 2720.
2, 5, 17
What are the prime factors of 2386?
2, 1193
List the prime factors of 437.
19, 23
What are the prime factors of 3572?
2, 19, 47
What are the prime factors of 1519?
7, 31
What are the prime factors of 135156?
2, 3, 7, 1609
What are the prime factors of 4016?
2, 251
What are the prime factors of 10893?
3, 3631
List the prime factors of 16883.
16883
What are the prime factors of 904?
2, 113
What are the prime factors of 3628?
2, 907
What are the prime factors of 8120?
2, 5, 7, 29
What are the prime factors of 22954?
2, 23, 499
List the prime factors of 3648.
2, 3, 19
List the prime factors of 2415.
3, 5, 7, 23
List the prime factors of 3350.
2, 5, 67
List the prime factors of 12582.
2, 3, 233
What are the prime factors of 5838?
2, 3, 7, 139
What are the prime factors of 51297?
3, 17099
List the prime factors of 2188.
2, 547
List the prime factors of 1111.
11, 101
List the prime factors of 147172.
2, 36793
List the prime factors of 298.
2, 149
List the prime factors of 1536.
2, 3
List the prime factors of 123154.
2, 139, 443
What are the prime factors of 824?
2, 103
What are the prime factors of 53883?
3, 5987
List the prime factors of 31134.
2, 3, 5189
What are the prime factors of 58316?
2, 61, 239
What are the prime factors of 15071?
7, 2153
What are the prime factors of 538?
2, 269
List the prime factors of 806.
2, 13, 31
What are the prime factors of 11846?
2, 5923
List the prime factors of 416.
2, 13
List the prime factors of 311.
311
What are the prime factors of 3674?
2, 11, 167
List the prime factors of 112028.
2, 7, 4001
List the prime factors of 1817.
23, 79
List the prime factors of 97363.
7, 1987
What are the prime factors of 1475?
5, 59
What are the prime factors of 3073?
7, 439
List the prime factors of 55787.
55787
What are the prime factors of 9169?
53, 173
What are the prime factors of 992?
2, 31
What are the prime factors of 13079?
11, 29, 41
What are the prime factors of 1741?
1741
What are the prime factors of 585?
3, 5, 13
What are the prime fa